{"id":7,"date":"2025-12-14T21:50:01","date_gmt":"2025-12-14T21:50:01","guid":{"rendered":"https:\/\/sehaisetediluce.com\/?page_id=7"},"modified":"2025-12-20T13:28:14","modified_gmt":"2025-12-20T13:28:14","slug":"chi-siamo","status":"publish","type":"page","link":"https:\/\/sehaisetediluce.com\/index.php\/chi-siamo\/","title":{"rendered":"CHI SIAMO"},"content":{"rendered":"\n<p><\/p>\n\n\n\n<h2 class=\"wp-block-heading has-text-align-left\"><mark style=\"background-color:rgba(0, 0, 0, 0)\" class=\"has-inline-color has-luminous-vivid-amber-color\">L&#8217;Associazione e Missione<\/mark><\/h2>\n\n\n\n<p>Siamo un piccolo resto, di poveri lavoratori nella Vigna del Signore, che non confida<br>in s\u00e9 stesso, ma che si affida totalmente alla Sua Volont\u00e0.. un piccolo gruppo di<br>anime, assai volenteroso, ben disposto e variegato nel suo insieme, di vecchia e<br>nuova data: Sacerdoti, Persone Consacrate e Laici, tutti molto legati spiritualmente<br>alla storia, passata e recente, della nostra \u201cMamma\u201d Madre Provvidenza, e della Sua<br>Casa Natale.<br>Oggi, il nostro unico desiderio \u00e8 quello di fare in modo che il grande patrimonio,<br>soprattutto spirituale, lasciatoci dalla nostra Venerata Madre, non solo non vada<br>perduto nel tempo, ma che sia valorizzato e fatto conoscere a tutti, con l\u2019obiettivo che<br>un giorno, speriamo non troppo lontano, ma prima o poi certamente, la Chiesa possa<br>elevarla agli Onori degli Altari, come meriterebbe, e come hanno gi\u00e0 testimoniato e<br>testimoniano coloro che l\u2019hanno davvero conosciuta da vicino, o solo pregata senza<br>neppure conoscerla, ricevendo un numero sterminato di Grazie e Favori Divini, grazie<br>alla Sua intercessione, sia in vita che in morte.<br>Vogliamo, pertanto, spendere tutte le nostre energie, nel far conoscere la vita<br>straordinaria, gli scritti e le opere di Madre Provvidenza, la sua spiritualit\u00e0<br>sacerdotale, urgente \u201csegno dei tempi\u201d che stiamo vivendo. Nella Sua Casa di<br>Cornale, da Lei lasciataci come \u201cOasi di Spiritualit\u00e0\u201d siamo disponibili per organizzare<br>giornate o momenti di preghiera e di riflessione sulla Parola di Dio e sulla Sua Vita,<br>offerta al Signore, fin dall\u2019et\u00e0 di 7 anni, come martire d\u2019Amore per la santificazione dei<br>Sacerdoti.<br>Aiutateci, anzitutto con la preghiera e il sostegno materiale, in questo anche nostro<br>\u201cfondamentale scopo sacerdotale\u201d e.. la Divina Provvidenza non si far\u00e0 attendere<br>neppure per le vostre necessit\u00e0 materiali, ma soprattutto spirituali. Cos\u00ec sia!<\/p>\n\n\n\n<figure class=\"wp-block-image size-full\"><img fetchpriority=\"high\" decoding=\"async\" width=\"942\" height=\"594\" src=\"https:\/\/sehaisetediluce.com\/wp-content\/uploads\/2025\/12\/Screenshot-2025-12-20-alle-14.21.56.png\" alt=\"\" class=\"wp-image-553\" srcset=\"https:\/\/sehaisetediluce.com\/wp-content\/uploads\/2025\/12\/Screenshot-2025-12-20-alle-14.21.56.png 942w, https:\/\/sehaisetediluce.com\/wp-content\/uploads\/2025\/12\/Screenshot-2025-12-20-alle-14.21.56-300x189.png 300w, https:\/\/sehaisetediluce.com\/wp-content\/uploads\/2025\/12\/Screenshot-2025-12-20-alle-14.21.56-768x484.png 768w\" sizes=\"(max-width: 942px) 100vw, 942px\" \/><\/figure>\n\n\n\n<blockquote class=\"wp-block-quote has-text-align-center is-layout-flow wp-block-quote-is-layout-flow\"><\/blockquote>\n\n\n\n<p><\/p>\n\n\n\n<h1 class=\"wp-block-heading has-text-align-center\"><mark style=\"background-color:rgba(0, 0, 0, 0)\" class=\"has-inline-color has-luminous-vivid-amber-color\"><em><strong>CARISSIMI FIGLI, SIATE SANTI<\/strong><\/em> <\/mark> <\/h1>\n\n\n\n<div class=\"wp-block-columns is-layout-flex wp-container-core-columns-is-layout-9d6595d7 wp-block-columns-is-layout-flex\">\n<div class=\"wp-block-column is-layout-flow wp-block-column-is-layout-flow\"><div class=\"wp-block-image\">\n<figure class=\"aligncenter size-full\"><img decoding=\"async\" width=\"582\" height=\"881\" src=\"https:\/\/sehaisetediluce.com\/wp-content\/uploads\/2025\/12\/283_1991_81_Vaticano_23Sacerdoti-24Diaconi_AbbracciodipaceconMadreProvvidenza_22Giugno.jpg\" alt=\"\" class=\"wp-image-184\" style=\"aspect-ratio:0.6606140516104728\" srcset=\"https:\/\/sehaisetediluce.com\/wp-content\/uploads\/2025\/12\/283_1991_81_Vaticano_23Sacerdoti-24Diaconi_AbbracciodipaceconMadreProvvidenza_22Giugno.jpg 582w, https:\/\/sehaisetediluce.com\/wp-content\/uploads\/2025\/12\/283_1991_81_Vaticano_23Sacerdoti-24Diaconi_AbbracciodipaceconMadreProvvidenza_22Giugno-198x300.jpg 198w\" sizes=\"(max-width: 582px) 100vw, 582px\" \/><\/figure>\n<\/div><\/div>\n<\/div>\n\n\n\n<p><\/p>\n","protected":false},"excerpt":{"rendered":"<p>L&#8217;Associazione e Missione Siamo un piccolo resto, di poveri lavoratori nella Vigna del Signore, che non confidain s\u00e9 stesso, ma che si affida totalmente alla Sua Volont\u00e0.. un piccolo gruppo dianime, assai volenteroso, ben disposto e variegato nel suo insieme, di vecchia enuova data: Sacerdoti, Persone Consacrate e Laici, tutti molto legati spiritualmentealla storia, passata [&hellip;]<\/p>\n","protected":false},"author":1,"featured_media":0,"parent":0,"menu_order":0,"comment_status":"closed","ping_status":"closed","template":"","meta":{"footnotes":""},"class_list":["post-7","page","type-page","status-publish","hentry"],"_links":{"self":[{"href":"https:\/\/sehaisetediluce.com\/index.php\/wp-json\/wp\/v2\/pages\/7","targetHints":{"allow":["GET"]}}],"collection":[{"href":"https:\/\/sehaisetediluce.com\/index.php\/wp-json\/wp\/v2\/pages"}],"about":[{"href":"https:\/\/sehaisetediluce.com\/index.php\/wp-json\/wp\/v2\/types\/page"}],"author":[{"embeddable":true,"href":"https:\/\/sehaisetediluce.com\/index.php\/wp-json\/wp\/v2\/users\/1"}],"replies":[{"embeddable":true,"href":"https:\/\/sehaisetediluce.com\/index.php\/wp-json\/wp\/v2\/comments?post=7"}],"version-history":[{"count":8,"href":"https:\/\/sehaisetediluce.com\/index.php\/wp-json\/wp\/v2\/pages\/7\/revisions"}],"predecessor-version":[{"id":556,"href":"https:\/\/sehaisetediluce.com\/index.php\/wp-json\/wp\/v2\/pages\/7\/revisions\/556"}],"wp:attachment":[{"href":"https:\/\/sehaisetediluce.com\/index.php\/wp-json\/wp\/v2\/media?parent=7"}],"curies":[{"name":"wp","href":"https:\/\/api.w.org\/{rel}","templated":true}]}}